{"id":800,"date":"2021-06-08T14:34:28","date_gmt":"2021-06-08T14:34:28","guid":{"rendered":"http:\/\/box5258.temp.domains\/~mercotec\/?post_type=product&#038;p=800"},"modified":"2022-04-20T22:46:15","modified_gmt":"2022-04-20T22:46:15","slug":"cepillo-alisador","status":"publish","type":"product","link":"https:\/\/mercotecnia.cl\/?product=cepillo-alisador","title":{"rendered":"Cepillo Alisador"},"content":{"rendered":"<p>Cepillo de alisado de cer\u00e1mica:<br \/>\nCombina la potencia de una plancha con un cepillo. Se calienta r\u00e1pidamente hasta 450 grados. Pero a diferencia de hierros duros no da\u00f1ar\u00e1 su cabello. Perfecto para aquellas personas que prefieren un liso natural.<\/p>\n<p>Caracter\u00edsticas:<br \/>\n&#8211; Revestimiento de cer\u00e1mica le da sedoso cabello liso<br \/>\n&#8211; No da\u00f1a su cabello<br \/>\n&#8211; Previene Frizz<br \/>\n&#8211; Levanta el pelo en la ra\u00edz para un volumen perfecto<br \/>\n&#8211; A\u00f1ade brillo incre\u00edble<br \/>\n&#8211; Calienta hasta 230 C\u00ba grados<br \/>\n&#8211; La pantalla LCD muestra la temperatura<br \/>\n&#8211; Listo para usar en 30 segundos<br \/>\n&#8211; Desactivaci\u00f3n autom\u00e1tica de 60 minutos<br \/>\n&#8211; Ideal para viajes<\/p>\n","protected":false},"excerpt":{"rendered":"<p>Cepillo de alisado de cer\u00e1mica: Combina la potencia de una plancha con un cepillo. Se calienta r\u00e1pidamente hasta 450 grados. Pero a diferencia de hierros duros no da\u00f1ar\u00e1 su cabello. Perfecto para aquellas personas que prefieren un liso natural. Caracter\u00edsticas: &#8211; Revestimiento de cer\u00e1mica le da sedoso cabello liso &#8211; No da\u00f1a su cabello &#8211; [&hellip;]<\/p>\n","protected":false},"featured_media":1575,"comment_status":"closed","ping_status":"closed","template":"","meta":{"nf_dc_page":""},"product_brand":[],"product_cat":[1523],"product_tag":[],"class_list":{"0":"post-800","1":"product","2":"type-product","3":"status-publish","4":"has-post-thumbnail","6":"product_cat-salud-y-belleza","8":"first","9":"instock","10":"shipping-taxable","11":"purchasable","12":"product-type-simple"},"aioseo_notices":[],"jetpack_sharing_enabled":true,"_links":{"self":[{"href":"https:\/\/mercotecnia.cl\/index.php?rest_route=\/wp\/v2\/product\/800","targetHints":{"allow":["GET"]}}],"collection":[{"href":"https:\/\/mercotecnia.cl\/index.php?rest_route=\/wp\/v2\/product"}],"about":[{"href":"https:\/\/mercotecnia.cl\/index.php?rest_route=\/wp\/v2\/types\/product"}],"replies":[{"embeddable":true,"href":"https:\/\/mercotecnia.cl\/index.php?rest_route=%2Fwp%2Fv2%2Fcomments&post=800"}],"version-history":[{"count":0,"href":"https:\/\/mercotecnia.cl\/index.php?rest_route=\/wp\/v2\/product\/800\/revisions"}],"wp:featuredmedia":[{"embeddable":true,"href":"https:\/\/mercotecnia.cl\/index.php?rest_route=\/wp\/v2\/media\/1575"}],"wp:attachment":[{"href":"https:\/\/mercotecnia.cl\/index.php?rest_route=%2Fwp%2Fv2%2Fmedia&parent=800"}],"wp:term":[{"taxonomy":"product_brand","embeddable":true,"href":"https:\/\/mercotecnia.cl\/index.php?rest_route=%2Fwp%2Fv2%2Fproduct_brand&post=800"},{"taxonomy":"product_cat","embeddable":true,"href":"https:\/\/mercotecnia.cl\/index.php?rest_route=%2Fwp%2Fv2%2Fproduct_cat&post=800"},{"taxonomy":"product_tag","embeddable":true,"href":"https:\/\/mercotecnia.cl\/index.php?rest_route=%2Fwp%2Fv2%2Fproduct_tag&post=800"}],"curies":[{"name":"wp","href":"https:\/\/api.w.org\/{rel}","templated":true}]}}