{"id":1177,"date":"2022-12-27T11:41:59","date_gmt":"2022-12-27T11:41:59","guid":{"rendered":"http:\/\/box5258.temp.domains\/~mercotec\/?post_type=product&#038;p=1177"},"modified":"2023-04-19T22:29:17","modified_gmt":"2023-04-19T22:29:17","slug":"cable-conector-rgb-clip-cable-clip-5-pin","status":"publish","type":"product","link":"https:\/\/mercotecnia.cl\/?product=cable-conector-rgb-clip-cable-clip-5-pin","title":{"rendered":"Cable Conector Clip a Clip para Cinta Led 2, 3, 4 y 5 Pines"},"content":{"rendered":"<p>Cable Flexible para conexi\u00f3n de cinta led sin soldadura.<\/p>\n<p>Elige el tiempo de clip seg\u00fan las caracter\u00edsticas de tu cinta led, s\u00f3lo debes fijarte en el ancho de tu cinta y en la cantidad de conectores que tiene. Por ejemplo en la imagen a continuaci\u00f3n puedes ver que la cinta tiene 4 conectores (12v,R,G y B) por lo tanto necesita 4 pines. Adem\u00e1s en la imagen puedes ver lo f\u00e1cil que es la conexi\u00f3n.\u00a0 En el caso de las cintas con protecci\u00f3n de silicona debes quitar con cuidado la capa que cubre los conectores para realizar esta union.<\/p>\n<p>&nbsp;<\/p>\n<p><img data-recalc-dims=\"1\" fetchpriority=\"high\" decoding=\"async\" class=\"alignnone size-medium wp-image-1194\" src=\"https:\/\/i0.wp.com\/mercotecnia.cl\/wp-content\/uploads\/2021\/06\/como-se-usa-clip-RGB.jpeg?resize=300%2C200&#038;ssl=1\" alt=\"\" width=\"300\" height=\"200\" srcset=\"https:\/\/i0.wp.com\/mercotecnia.cl\/wp-content\/uploads\/2021\/06\/como-se-usa-clip-RGB.jpeg?resize=300%2C200&amp;ssl=1 300w, https:\/\/i0.wp.com\/mercotecnia.cl\/wp-content\/uploads\/2021\/06\/como-se-usa-clip-RGB.jpeg?resize=600%2C400&amp;ssl=1 600w, https:\/\/i0.wp.com\/mercotecnia.cl\/wp-content\/uploads\/2021\/06\/como-se-usa-clip-RGB.jpeg?w=753&amp;ssl=1 753w\" sizes=\"(max-width: 300px) 100vw, 300px\" \/><\/p>\n","protected":false},"excerpt":{"rendered":"<p>Cable Flexible para conexi\u00f3n de cinta led sin soldadura. Elige el tiempo de clip seg\u00fan las caracter\u00edsticas de tu cinta led, s\u00f3lo debes fijarte en el ancho de tu cinta y en la cantidad de conectores que tiene. Por ejemplo en la imagen a continuaci\u00f3n puedes ver que la cinta tiene 4 conectores (12v,R,G y [&hellip;]<\/p>\n","protected":false},"featured_media":1199,"comment_status":"closed","ping_status":"closed","template":"","meta":{"nf_dc_page":""},"product_brand":[],"product_cat":[1497],"product_tag":[],"class_list":{"0":"post-1177","1":"product","2":"type-product","3":"status-publish","4":"has-post-thumbnail","6":"product_cat-accesorios-uniones-y-conectores","8":"first","9":"instock","10":"shipping-taxable","11":"purchasable","12":"product-type-variable"},"aioseo_notices":[],"jetpack_sharing_enabled":true,"_links":{"self":[{"href":"https:\/\/mercotecnia.cl\/index.php?rest_route=\/wp\/v2\/product\/1177","targetHints":{"allow":["GET"]}}],"collection":[{"href":"https:\/\/mercotecnia.cl\/index.php?rest_route=\/wp\/v2\/product"}],"about":[{"href":"https:\/\/mercotecnia.cl\/index.php?rest_route=\/wp\/v2\/types\/product"}],"replies":[{"embeddable":true,"href":"https:\/\/mercotecnia.cl\/index.php?rest_route=%2Fwp%2Fv2%2Fcomments&post=1177"}],"version-history":[{"count":3,"href":"https:\/\/mercotecnia.cl\/index.php?rest_route=\/wp\/v2\/product\/1177\/revisions"}],"predecessor-version":[{"id":1931,"href":"https:\/\/mercotecnia.cl\/index.php?rest_route=\/wp\/v2\/product\/1177\/revisions\/1931"}],"wp:featuredmedia":[{"embeddable":true,"href":"https:\/\/mercotecnia.cl\/index.php?rest_route=\/wp\/v2\/media\/1199"}],"wp:attachment":[{"href":"https:\/\/mercotecnia.cl\/index.php?rest_route=%2Fwp%2Fv2%2Fmedia&parent=1177"}],"wp:term":[{"taxonomy":"product_brand","embeddable":true,"href":"https:\/\/mercotecnia.cl\/index.php?rest_route=%2Fwp%2Fv2%2Fproduct_brand&post=1177"},{"taxonomy":"product_cat","embeddable":true,"href":"https:\/\/mercotecnia.cl\/index.php?rest_route=%2Fwp%2Fv2%2Fproduct_cat&post=1177"},{"taxonomy":"product_tag","embeddable":true,"href":"https:\/\/mercotecnia.cl\/index.php?rest_route=%2Fwp%2Fv2%2Fproduct_tag&post=1177"}],"curies":[{"name":"wp","href":"https:\/\/api.w.org\/{rel}","templated":true}]}}