{"id":1164,"date":"2021-06-08T14:41:58","date_gmt":"2021-06-08T14:41:58","guid":{"rendered":"http:\/\/box5258.temp.domains\/~mercotec\/?post_type=product&#038;p=1164"},"modified":"2022-04-05T22:02:23","modified_gmt":"2022-04-05T22:02:23","slug":"mini-camara-de-seguridad-mini-camara-spia-caja-negra","status":"publish","type":"product","link":"https:\/\/mercotecnia.cl\/?product=mini-camara-de-seguridad-mini-camara-spia-caja-negra","title":{"rendered":"Mini C\u00e1mara de Seguridad &#8211; Mini C\u00e1mara Sp\u00eda Caja Negra"},"content":{"rendered":"<p><span data-spm-anchor-id=\"a2g0o.detail.1000023.i0.26f69a00Jvy7Y5\">Lo nuevo en la versi\u00f3n SQ8 Mini c\u00e1mara SQ9 1080P HD 360 grados de rotaci\u00f3n Clip Micro C\u00e1mara noche infrarroja detecci\u00f3n de movimiento Mini c\u00e1mara DV<\/span><\/p>\n<h5>Caracter\u00edstica:<\/h5>\n<ul>\n<li>SQ9 mini full HD 1080P c\u00e1mara grabadora DVR de coche<\/li>\n<li>Alta definici\u00f3n full HD1080P<\/li>\n<li>Dise\u00f1o compacto, port\u00e1til<\/li>\n<li>Formato de Video: 1920&#215;1080 x P 1280x720P<\/li>\n<li>Apoyo a la televisi\u00f3n monitor de TV conexi\u00f3n de v\u00eddeo<\/li>\n<li>Resoluci\u00f3n de la imagen: 12MP (4032&#215;3024)<\/li>\n<li>Compatible con tarjeta TF de 32GB m\u00e1x. (no incluida)<\/li>\n<li>La proporci\u00f3n de la imagen: 4 : 3<\/li>\n<li>Sistema de apoyo: Windows ME \/ 2000 \/ XP \/ 2003 \/ Vista, Mac OS Linux<\/li>\n<li>Capacidad de la bater\u00eda: 200mAh<\/li>\n<li>Tiempo de funcionamiento: aproximadamente 100 minutos a 1080P 30fps<\/li>\n<li>Tiempo de carga: alrededor de 2 &#8211; 3 horas<\/li>\n<li>Voltaje de carga: DC 5V<\/li>\n<li>Tipo de interfaz: Mini USB de 8 pines<\/li>\n<li>Longitud del Cable: 80cm<\/li>\n<li>Bater\u00eda de litio integrada C\u00e1mara sostenible hasta 100 minutos<\/li>\n<li>Peso del paquete: 0,12 kg<\/li>\n<li>Tama\u00f1o del producto (largo x ancho x alto): 2,70&#215;2,70&#215;2,70 cm<\/li>\n<\/ul>\n","protected":false},"excerpt":{"rendered":"<p class=\"product-title-text\" data-spm-anchor-id=\"a2g0o.detail.1000016.i3.26f69a00Jvy7Y5\">SQ9-Mini c\u00e1mara de visi\u00f3n nocturna infrarroja<\/p>\n<ul>\n<li class=\"product-title-text\" data-spm-anchor-id=\"a2g0o.detail.1000016.i3.26f69a00Jvy7Y5\">1080p<\/li>\n<li class=\"product-title-text\" data-spm-anchor-id=\"a2g0o.detail.1000016.i3.26f69a00Jvy7Y5\">Rotaci\u00f3n de 360 grados<\/li>\n<li class=\"product-title-text\" data-spm-anchor-id=\"a2g0o.detail.1000016.i3.26f69a00Jvy7Y5\">Mini grabadora de V\u00eddeo DV<\/li>\n<li class=\"product-title-text\" data-spm-anchor-id=\"a2g0o.detail.1000016.i3.26f69a00Jvy7Y5\">videoc\u00e1mara con detecci\u00f3n de movimiento, c\u00e1mara Digital.<\/li>\n<\/ul>\n","protected":false},"featured_media":1207,"comment_status":"closed","ping_status":"closed","template":"","meta":{"nf_dc_page":""},"product_brand":[],"product_cat":[1511],"product_tag":[],"class_list":{"0":"post-1164","1":"product","2":"type-product","3":"status-publish","4":"has-post-thumbnail","6":"product_cat-camaras-y-gps","8":"first","9":"instock","10":"shipping-taxable","11":"purchasable","12":"product-type-simple"},"aioseo_notices":[],"jetpack_sharing_enabled":true,"_links":{"self":[{"href":"https:\/\/mercotecnia.cl\/index.php?rest_route=\/wp\/v2\/product\/1164","targetHints":{"allow":["GET"]}}],"collection":[{"href":"https:\/\/mercotecnia.cl\/index.php?rest_route=\/wp\/v2\/product"}],"about":[{"href":"https:\/\/mercotecnia.cl\/index.php?rest_route=\/wp\/v2\/types\/product"}],"replies":[{"embeddable":true,"href":"https:\/\/mercotecnia.cl\/index.php?rest_route=%2Fwp%2Fv2%2Fcomments&post=1164"}],"version-history":[{"count":0,"href":"https:\/\/mercotecnia.cl\/index.php?rest_route=\/wp\/v2\/product\/1164\/revisions"}],"wp:featuredmedia":[{"embeddable":true,"href":"https:\/\/mercotecnia.cl\/index.php?rest_route=\/wp\/v2\/media\/1207"}],"wp:attachment":[{"href":"https:\/\/mercotecnia.cl\/index.php?rest_route=%2Fwp%2Fv2%2Fmedia&parent=1164"}],"wp:term":[{"taxonomy":"product_brand","embeddable":true,"href":"https:\/\/mercotecnia.cl\/index.php?rest_route=%2Fwp%2Fv2%2Fproduct_brand&post=1164"},{"taxonomy":"product_cat","embeddable":true,"href":"https:\/\/mercotecnia.cl\/index.php?rest_route=%2Fwp%2Fv2%2Fproduct_cat&post=1164"},{"taxonomy":"product_tag","embeddable":true,"href":"https:\/\/mercotecnia.cl\/index.php?rest_route=%2Fwp%2Fv2%2Fproduct_tag&post=1164"}],"curies":[{"name":"wp","href":"https:\/\/api.w.org\/{rel}","templated":true}]}}