{"id":1127,"date":"2022-10-06T14:41:28","date_gmt":"2022-10-06T14:41:28","guid":{"rendered":"http:\/\/box5258.temp.domains\/~mercotec\/?post_type=product&#038;p=1127"},"modified":"2022-10-06T21:21:40","modified_gmt":"2022-10-06T21:21:40","slug":"mini-control-remoto-bluetooth-para-led","status":"publish","type":"product","link":"https:\/\/mercotecnia.cl\/?product=mini-control-remoto-bluetooth-para-led","title":{"rendered":"Mini Control Remoto Bluetooth para Cinta Led"},"content":{"rendered":"<p>Este producto sirve para controlar cintas led a distancia v\u00eda bluetooth, es adecuado para el sistema Android superior a 4.3 (incluyendo 4.3), Apple (IOS) 4S sistema superior a 6.0, etc.<br \/>\nEste dispositivo inteligente controla directamente el encendido y apagado de la luz, ajusta el color y el brillo de la luz y tambi\u00e9n ajusta varios efectos de luz hermosos, tales como 1, cambio de degradado de colores, varios monocromos, cambio de gradiente bicolor, todo tipo de monocromo, bicolor, estrobosc\u00f3pico colorido, flash colorido. y as\u00ed sucesivamente.<\/p>\n<p>Este mini controlador Bluetooth (DC) es un controlador LED inteligente inal\u00e1mbrico que utiliza la \u00faltima tecnolog\u00eda Bluetooth BLE 4.2 Bluetooth tel\u00e9fono m\u00f3vil controlador APP es ampliamente utilizado en hoteles, bares, KTC, familias, etc.<\/p>\n","protected":false},"excerpt":{"rendered":"<ul>\n<li>Voltaje: DC4.5-26 V.<\/li>\n<li>Potencia M\u00e1xima de salida: 144 W (24V).<\/li>\n<li>Consumo de energ\u00eda est\u00e1tica: &lt;1 W.<\/li>\n<li>Corriente de carga m\u00e1xima &lt; 6 A<\/li>\n<li>Temperatura de funcionamiento: -20-60 \u00b0C.<\/li>\n<li>Tama\u00f1o del producto: 43 x 22 x 11 mm.<\/li>\n<li>Longitud del cable de entrada DC: aproximadamente 120 mm.<br \/>\n<strong>El paquete incluye:<\/strong><br \/>\n1 controlador LED Bluetooth.<\/li>\n<\/ul>\n","protected":false},"featured_media":1591,"comment_status":"closed","ping_status":"closed","template":"","meta":{"nf_dc_page":""},"product_brand":[],"product_cat":[1526],"product_tag":[],"class_list":{"0":"post-1127","1":"product","2":"type-product","3":"status-publish","4":"has-post-thumbnail","6":"product_cat-control-remoto-cintas","8":"first","9":"instock","10":"shipping-taxable","11":"purchasable","12":"product-type-simple"},"aioseo_notices":[],"jetpack_sharing_enabled":true,"_links":{"self":[{"href":"https:\/\/mercotecnia.cl\/index.php?rest_route=\/wp\/v2\/product\/1127","targetHints":{"allow":["GET"]}}],"collection":[{"href":"https:\/\/mercotecnia.cl\/index.php?rest_route=\/wp\/v2\/product"}],"about":[{"href":"https:\/\/mercotecnia.cl\/index.php?rest_route=\/wp\/v2\/types\/product"}],"replies":[{"embeddable":true,"href":"https:\/\/mercotecnia.cl\/index.php?rest_route=%2Fwp%2Fv2%2Fcomments&post=1127"}],"version-history":[{"count":1,"href":"https:\/\/mercotecnia.cl\/index.php?rest_route=\/wp\/v2\/product\/1127\/revisions"}],"predecessor-version":[{"id":1746,"href":"https:\/\/mercotecnia.cl\/index.php?rest_route=\/wp\/v2\/product\/1127\/revisions\/1746"}],"wp:featuredmedia":[{"embeddable":true,"href":"https:\/\/mercotecnia.cl\/index.php?rest_route=\/wp\/v2\/media\/1591"}],"wp:attachment":[{"href":"https:\/\/mercotecnia.cl\/index.php?rest_route=%2Fwp%2Fv2%2Fmedia&parent=1127"}],"wp:term":[{"taxonomy":"product_brand","embeddable":true,"href":"https:\/\/mercotecnia.cl\/index.php?rest_route=%2Fwp%2Fv2%2Fproduct_brand&post=1127"},{"taxonomy":"product_cat","embeddable":true,"href":"https:\/\/mercotecnia.cl\/index.php?rest_route=%2Fwp%2Fv2%2Fproduct_cat&post=1127"},{"taxonomy":"product_tag","embeddable":true,"href":"https:\/\/mercotecnia.cl\/index.php?rest_route=%2Fwp%2Fv2%2Fproduct_tag&post=1127"}],"curies":[{"name":"wp","href":"https:\/\/api.w.org\/{rel}","templated":true}]}}