{"id":1031,"date":"2022-11-07T10:40:39","date_gmt":"2022-11-07T10:40:39","guid":{"rendered":"http:\/\/box5258.temp.domains\/~mercotec\/?post_type=product&#038;p=1031"},"modified":"2022-11-09T22:11:04","modified_gmt":"2022-11-09T22:11:04","slug":"6-pcs-adorno-navideno-esferas-bolas-disco-5-cm","status":"publish","type":"product","link":"https:\/\/mercotecnia.cl\/?product=6-pcs-adorno-navideno-esferas-bolas-disco-5-cm","title":{"rendered":"6 PCS Adorno Navide\u00f1o Esferas  &#8211; Bolas Disco  6 Cm"},"content":{"rendered":"<p>Pack de 6 unidades de bolas de espejo para discoteca, colgante de \u00e1rbol de Navidad, bola de cristal reflectante, decoraci\u00f3n para casa, Bar,<br \/>\nTama\u00f1o 6 cent\u00edmetros de di\u00e1metro<\/p>\n<p>Decoraci\u00f3n Original de Navidad, utiliza bolas disco para decorar tu \u00e1rbol, pino de navidad o centro de mesa, un adorno navide\u00f1o elegante que da brillo y un look especial a tus ambientes.<\/p>\n","protected":false},"excerpt":{"rendered":"<ul>\n<li>Pack 6 unidades bolas de espejo con cordel.<\/li>\n<li>Tama\u00f1o 6 cm de di\u00e1metro aprox. Bola m\u00e1s colgador.<\/li>\n<li>Terminaciones color plata.<\/li>\n<\/ul>\n","protected":false},"featured_media":1807,"comment_status":"closed","ping_status":"closed","template":"","meta":{"nf_dc_page":""},"product_brand":[],"product_cat":[1528],"product_tag":[1531,1530,317],"class_list":{"0":"post-1031","1":"product","2":"type-product","3":"status-publish","4":"has-post-thumbnail","6":"product_cat-navidad","7":"product_tag-adorno-arbol-navidad","8":"product_tag-adorno-de-navidad","9":"product_tag-bola-disco","11":"first","12":"outofstock","13":"sale","14":"shipping-taxable","15":"purchasable","16":"product-type-simple"},"aioseo_notices":[],"jetpack_sharing_enabled":true,"_links":{"self":[{"href":"https:\/\/mercotecnia.cl\/index.php?rest_route=\/wp\/v2\/product\/1031","targetHints":{"allow":["GET"]}}],"collection":[{"href":"https:\/\/mercotecnia.cl\/index.php?rest_route=\/wp\/v2\/product"}],"about":[{"href":"https:\/\/mercotecnia.cl\/index.php?rest_route=\/wp\/v2\/types\/product"}],"replies":[{"embeddable":true,"href":"https:\/\/mercotecnia.cl\/index.php?rest_route=%2Fwp%2Fv2%2Fcomments&post=1031"}],"version-history":[{"count":0,"href":"https:\/\/mercotecnia.cl\/index.php?rest_route=\/wp\/v2\/product\/1031\/revisions"}],"wp:featuredmedia":[{"embeddable":true,"href":"https:\/\/mercotecnia.cl\/index.php?rest_route=\/wp\/v2\/media\/1807"}],"wp:attachment":[{"href":"https:\/\/mercotecnia.cl\/index.php?rest_route=%2Fwp%2Fv2%2Fmedia&parent=1031"}],"wp:term":[{"taxonomy":"product_brand","embeddable":true,"href":"https:\/\/mercotecnia.cl\/index.php?rest_route=%2Fwp%2Fv2%2Fproduct_brand&post=1031"},{"taxonomy":"product_cat","embeddable":true,"href":"https:\/\/mercotecnia.cl\/index.php?rest_route=%2Fwp%2Fv2%2Fproduct_cat&post=1031"},{"taxonomy":"product_tag","embeddable":true,"href":"https:\/\/mercotecnia.cl\/index.php?rest_route=%2Fwp%2Fv2%2Fproduct_tag&post=1031"}],"curies":[{"name":"wp","href":"https:\/\/api.w.org\/{rel}","templated":true}]}}